v(a) = a**2 + 4*a - 4. What is the units digit of v(g)?
8
Let r(i) be the second derivative of i**3/6 - 3*i. Let g be r(3). Suppose -g*o + 18 = -o. What is the units digit of o?
9
Suppose p = -4*l - 3*p + 92, -p + 75 = 3*l. What is the units digit of l?
6
Let b(z) = z**2 - 5*z - 5. Let v be b(-5). Suppose 4*f - 123 - 57 = -2*n, -5*n + v = f. What is the units digit of f?
5
Suppose -5*x - 13 = -h - 40, 5*h + 15 = x. Suppose 0 = -t + g + 2 - 9, 0 = x*t - g + 23. Let c = 1 - t. What is the units digit of c?
5
Suppose 0*h + 5*h = 25. Suppose 3*k - h*k = -24. What is the tens digit of k?
1
Suppose 6*q - 440 = 28. What is the units digit of q?
8
Suppose g - 4*g - 21 = 0. Let o = 29 + -16. Let d = g + o. What is the units digit of d?
6
Suppose -12 = 4*b - 4*c + 8*c, -3 = c. Suppose -9 = 3*t - b*t. Let z(v) = v**3 + 3*v**2 - 2*v - 2. What is the units digit of z(t)?
4
Let n = 0 + -8. Let f be 21/2*8/6. Let z = n + f. What is the units digit of z?
6
Let j(r) be the third derivative of -r**4/24 + r**3 + 2*r**2. What is the tens digit of j(-7)?
1
Let t = 2 + 1. Suppose 0 = -t*u + 18. What is the units digit of (-2)/u*-1*18?
6
Let t(g) = 2*g + 5. Let c be t(-5). Let n = c - -8. Let k(f) = 2*f**2 - 3*f - 3. What is the units digit of k(n)?
6
Let s be (-28)/7*6/8. Let z(g) = 3*g**2 - 5*g - 4. What is the tens digit of z(s)?
3
Let p = -48 - -87. What is the tens digit of p?
3
Let y = -3 + 2. Let j = 1 + y. Suppose j = -3*g - 15, -2*l - 2*g - 3 = 3. What is the units digit of l?
2
Suppose -5*b = -5*x - 160, 0 = -3*b + 5*x - 4*x + 98. What is the tens digit of b?
3
Let a be (5/(-10))/(2/16). Let j = 19 - a. What is the tens digit of j?
2
Suppose 4*t + 0 = 12. Let b(x) = 3*x**2 - 2*x - 5. What is the units digit of b(t)?
6
Let m(d) be the first derivative of d**4/4 - 4*d**3/3 + 2*d**2 - 5*d - 2. What is the units digit of m(4)?
1
Let w be (3/6)/((-3)/(-6)). Suppose 3*p + 4 - w = 0. What is the units digit of (75/10)/(p/(-2))?
5
Suppose 16 = 4*c, -5*c + 13 + 3 = -2*m. Suppose 4*u = -4*b + 60, 3*u + m*u + 85 = 5*b. What is the units digit of b?
6
Let u(r) = 3 + r + 1 + 5*r. What is the tens digit of u(5)?
3
Let j(f) = 15*f**2 + 25*f + 1. Let k(i) = 7*i**2 + 12*i. Let s(z) = 6*j(z) - 13*k(z). Suppose 2*d + 15 = 3. What is the units digit of s(d)?
6
Suppose 73 = 2*f - f. What is the units digit of f?
3
Suppose b + 2*b = 2*i + 10, 4*b - 2*i = 12. Suppose -6 = -p + b*p. Let x = p + 8. What is the units digit of x?
2
Let b = 64 - 49. What is the tens digit of b?
1
What is the hundreds digit of 5*3/(-3)*(-1089)/45?
1
Let v = 23 - 58. Let m = -19 - v. What is the tens digit of m?
1
Let l(k) = k**3 + 2. Suppose 0 = 3*d - 0*d - 6. What is the units digit of l(d)?
0
What is the units digit of 10 + 3/(-3 + 0)?
9
Let b(i) = 24*i**2 - 9. What is the tens digit of b(-3)?
0
What is the tens digit of 4/6 - (-6919)/111?
6
Suppose -v - v + 4*m = -44, 158 = 5*v + 2*m. What is the tens digit of v?
3
Let l(u) be the third derivative of u**5/60 + 7*u**4/24 + 4*u**3/3 - 3*u**2. What is the units digit of l(-6)?
2
Let t = 13 - 12. Let y = t + 0. What is the units digit of y?
1
Suppose 39 = -0*a + 3*a. Suppose 4*i - 7 = a. What is the units digit of i?
5
Let f(c) = -2*c**3 - 4*c - 2. What is the units digit of f(-3)?
4
Let z = 3 - 2. Suppose x - 2 - z = 0. Suppose u + 18 = 5*o - o, -x*o - u = -17. What is the units digit of o?
5
Suppose -2*i - u = -8, -3*u - 4 = i - 2*i. Suppose 9*d - i*d = 90. What is the units digit of d?
8
Suppose -30 = -5*k + 140. What is the tens digit of k?
3
Suppose 0 = w + w + 5*l + 5, 4 = -3*w - 4*l. Suppose 0 = -w*u - 2*u + 12. Suppose 5*i + u = 36. What is the units digit of i?
6
What is the units digit of (-8)/40 - 438/(-15)?
9
Let q(y) = -y**2 + y. Let z(b) = 3*b**2 - 4*b + 5. Let j(l) = -4*q(l) - z(l). Let t = 15 - 11. What is the units digit of j(t)?
1
Let c be -1 - (1 + -2 - 0). Suppose -w - 9 = -0*d - 4*d, c = 4*d + 3*w - 21. What is the units digit of d?
3
Let s(c) = -16*c**3 + 3*c**2 - 2*c - 2. Let d(f) = 16*f**3 - 4*f**2 + 3*f + 3. Let v(y) = 2*d(y) + 3*s(y). What is the units digit of v(-1)?
7
Let p = -16 - -299. What is the hundreds digit of p?
2
Suppose -a - 11 = -4*f, 0*a - 17 = a - f. Let r(l) = 10*l - 1. Let n be r(-3). Let y = a - n. What is the units digit of y?
2
Let z(o) be the third derivative of o**5/10 + o**4/24 + o**3/6 + o**2. What is the units digit of z(-1)?
6
Let s = 19 + -35. Let k = 28 + s. What is the units digit of (8/(-3))/((-4)/k)?
8
Suppose 5*w = n - 15 - 3, -5*w - 26 = -2*n. What is the units digit of n?
8
Let g be (-6)/(-9) + (-28)/6. What is the units digit of 2*-1*g/8?
1
Let x(n) = -n**2 - 3*n + 2. Let l be x(-2). Suppose -2*s + l - 2 = 0. Suppose -4*k = -5 + s. What is the units digit of k?
1
Suppose -2*j = -7 + 3. Suppose 2*z - 12 = 4*t + j, -22 = -2*z - 4*t. What is the units digit of z?
9
Let a = 6 - -9. Let c be (a/(-2))/((-6)/(-8)). What is the units digit of (25/c)/((-1)/2)?
5
Suppose -s - s - u = -25, 35 = 2*s + 3*u. What is the tens digit of s?
1
What is the tens digit of (-725)/((-15)/3) + 1 + 1?
4
Suppose -4*n = -40 - 16. What is the units digit of n?
4
Let n(z) = -z. Let h(x) = x**2 + 4*x - 2. Let s be h(-4). What is the units digit of n(s)?
2
Suppose i + g - 78 = 0, -6*i + 153 = -4*i + 3*g. What is the tens digit of i?
8
Let j(n) = 2*n**2 + 2*n - 1. Let k be j(1). What is the units digit of (10/(-15))/((-1)/k)?
2
Suppose -4*k = -5*d + 100, -3*k + 0*k = d - 20. Suppose -2*o = 2*o - d. What is the units digit of o?
5
Let t = -31 + 76. What is the tens digit of t?
4
Let j be (1/(-4))/(2/(-24)). Let p = j + 0. What is the units digit of p?
3
Suppose 3*i - 4 = i. Let k(v) = -2*v**2 + 3*v**2 - 6*v + 6 + 0*v**i. What is the units digit of k(6)?
6
Let q be 12/15*5/2. Suppose -4*x + 2 = -q*x. What is the units digit of x?
1
Let a = -12 + 22. What is the tens digit of a/(((-8)/7)/(-4))?
3
Let x be ((-2)/(-5))/(6/30). Suppose x*j + s - 32 = 3*s, -j = 3*s - 4. What is the units digit of j?
3
What is the tens digit of (1134/15)/(-6)*-5?
6
Suppose 5*b - 493 = -0*y - 3*y, -20 = 5*y. What is the tens digit of b?
0
Let a be 8/16 + (-14)/(-4). Suppose -x - 5 = b + 4*x, -a*x - 4 = 0. Suppose b = d - 6*d + 90. What is the tens digit of d?
1
Suppose 2*o - o - 5 = 0. Let h = 10 + o. What is the units digit of h?
5
Let x be (-3)/(-3)*-1 - 1. Let r be -1 + 3 + x - -3. Suppose r*f = 33 - 6. What is the units digit of f?
9
Suppose 2*g + 2*g + 3*f = 305, -135 = -2*g - 5*f. Let t = 119 - g. What is the units digit of t?
9
Let v be (-20)/(-8)*6/5. Let y be (-882)/(-10) - 11/55. Suppose 0 = u + v*u - y. What is the units digit of u?
2
Let b be (-1)/2 - (-15)/(-6). Let c(g) = -4*g - 2. Let n be c(b). What is the tens digit of 27/6*n/3?
1
Let k(v) = -v**3 + 6*v**2 - 5*v + 2. Let r be k(5). What is the units digit of r/3 + 12/9?
2
Suppose -3*j = 2*a - 85, -a + 0*j + 55 = -j. Suppose -3*b + a = 2*b. What is the units digit of b?
0
Suppose -3*c + 110 = -88. Let d = 126 - c. Suppose -x - 4*x = -d. What is the tens digit of x?
1
Let j(h) = 32*h**2 - 4*h - 3. What is the tens digit of j(-1)?
3
Let v = 12 - 8. Suppose v*c + 110 = 2*n, -85 = -4*c + 8*c + 3*n. Let s = -18 - c. What is the units digit of s?
7
Suppose -5*x = -703 + 243. Suppose -3*y + x = y. What is the tens digit of y?
2
Let o(g) = -g - 8. Let x be o(-8). Suppose -2*y + 3 - 9 = x. What is the units digit of 0 - 2*(y - -1)?
4
Let g(r) = -r**2 - r - 1. Let c be g(-1). Let i be (51/(-3)*-1)/c. Let h = 24 + i. What is the units digit of h?
7
Suppose -2*s + 8 = 2. Let u be 5*s*(-1 + 2). What is the units digit of 5/(u/(-6)) + 5?
3
What is the units digit of 194 - (-2)/(-1 + 5 - 5)?
2
What is the tens digit of (-232)/32*1*-12?
8
Let t(i) = -4*i - 6. Let f be (-10)/(-20) + (-26)/4. What is the units digit of t(f)?
8
Let f be (4/6)/(2/12). Suppose 3*p - 2*a - 2*a + 10 = 0, -5*p = -4*a + 6. Suppose 4*d + p*n - 34 = 0, f*n + 6 = -6. What is the tens digit of d?
1
Let v = 23 - -3. Suppose -v = 2*m - 62. What is the units digit of m?
8
Suppose 6*r = r - 4*d + 19, -5 = -r - 2*d. What is the units digit of (1 - -16)/1 - r?
4
Suppose -5*l = -5*g + 10, 0*l = l + 3*g + 18. Let h(j) be the second derivative of -j**3/6 - 5*j**2/2 - 9*j. What is the units digit of h(l)?
1
Let z(b) = -b**2 + 4*b - 4.